{"id":2078,"date":"2022-11-14T18:31:56","date_gmt":"2022-11-14T18:31:56","guid":{"rendered":"https:\/\/www.hobro-stovring-bilvask.dk\/?page_id=2078"},"modified":"2024-06-12T07:50:49","modified_gmt":"2024-06-12T07:50:49","slug":"vaskeklub-2","status":"publish","type":"page","link":"https:\/\/www.hobro-stovring-bilvask.dk\/index.php\/vaskeklub-2\/","title":{"rendered":"VASKEKLUB"},"content":{"rendered":"\t\t<div data-elementor-type=\"wp-page\" data-elementor-id=\"2078\" class=\"elementor elementor-2078\">\n\t\t\t\t\t\t<section class=\"has_eae_slider elementor-section elementor-top-section elementor-element elementor-element-f080d7f elementor-section-boxed elementor-section-height-default elementor-section-height-default\" data-eae-slider=\"76574\" data-id=\"f080d7f\" data-element_type=\"section\" data-e-type=\"section\">\n\t\t\t\t\t\t<div class=\"elementor-container elementor-column-gap-default\">\n\t\t\t\t\t<div class=\"has_eae_slider elementor-column elementor-col-100 elementor-top-column elementor-element elementor-element-4453dde\" data-eae-slider=\"11773\" data-id=\"4453dde\" data-element_type=\"column\" data-e-type=\"column\">\n\t\t\t<div class=\"elementor-widget-wrap elementor-element-populated\">\n\t\t\t\t\t\t<div class=\"elementor-element elementor-element-fe58b1b elementor-widget elementor-widget-heading\" data-id=\"fe58b1b\" data-element_type=\"widget\" data-e-type=\"widget\" data-widget_type=\"heading.default\">\n\t\t\t\t<div class=\"elementor-widget-container\">\n\t\t\t\t\t<h1 class=\"elementor-heading-title elementor-size-xxl\">RABATTER<\/h1>\t\t\t\t<\/div>\n\t\t\t\t<\/div>\n\t\t\t\t\t<\/div>\n\t\t<\/div>\n\t\t\t\t\t<\/div>\n\t\t<\/section>\n\t\t\t\t<section class=\"has_eae_slider elementor-section elementor-top-section elementor-element elementor-element-abd8489 elementor-section-boxed elementor-section-height-default elementor-section-height-default\" data-eae-slider=\"89600\" data-id=\"abd8489\" data-element_type=\"section\" data-e-type=\"section\">\n\t\t\t\t\t\t<div class=\"elementor-container elementor-column-gap-default\">\n\t\t\t\t\t<div class=\"has_eae_slider elementor-column elementor-col-66 elementor-top-column elementor-element elementor-element-497fda3\" data-eae-slider=\"50545\" data-id=\"497fda3\" data-element_type=\"column\" data-e-type=\"column\">\n\t\t\t<div class=\"elementor-widget-wrap elementor-element-populated\">\n\t\t\t\t\t\t<div class=\"elementor-element elementor-element-de6518b elementor-widget elementor-widget-text-editor\" data-id=\"de6518b\" data-element_type=\"widget\" data-e-type=\"widget\" data-widget_type=\"text-editor.default\">\n\t\t\t\t<div class=\"elementor-widget-container\">\n\t\t\t\t\t\t\t\t\t<p>Vaskeklub med rabat<\/p><p><img fetchpriority=\"high\" decoding=\"async\" class=\"aligncenter wp-image-2651 size-full\" src=\"https:\/\/www.hobro-stovring-bilvask.dk\/wp-content\/uploads\/2023\/03\/vaskeklub.png\" alt=\"\" width=\"823\" height=\"202\" srcset=\"https:\/\/www.hobro-stovring-bilvask.dk\/wp-content\/uploads\/2023\/03\/vaskeklub.png 823w, https:\/\/www.hobro-stovring-bilvask.dk\/wp-content\/uploads\/2023\/03\/vaskeklub-300x74.png 300w, https:\/\/www.hobro-stovring-bilvask.dk\/wp-content\/uploads\/2023\/03\/vaskeklub-768x189.png 768w\" sizes=\"(max-width: 823px) 100vw, 823px\" \/><\/p><p>Sp\u00f8rgsm\u00e5l som du m\u00e5tte have til vores vaskeklub, kan du finde mange af svarene p\u00e5 her!<br \/>Ved sp\u00f8rgsm\u00e5l er du velkommen til at ringe p\u00e5 21210506<\/p>\t\t\t\t\t\t\t\t<\/div>\n\t\t\t\t<\/div>\n\t\t\t\t\t<\/div>\n\t\t<\/div>\n\t\t\t\t<div class=\"has_eae_slider elementor-column elementor-col-33 elementor-top-column elementor-element elementor-element-eeac158\" data-eae-slider=\"9312\" data-id=\"eeac158\" data-element_type=\"column\" data-e-type=\"column\">\n\t\t\t<div class=\"elementor-widget-wrap\">\n\t\t\t\t\t\t\t<\/div>\n\t\t<\/div>\n\t\t\t\t\t<\/div>\n\t\t<\/section>\n\t\t\t\t<section class=\"has_eae_slider elementor-section elementor-top-section elementor-element elementor-element-880af9a elementor-section-boxed elementor-section-height-default elementor-section-height-default\" data-eae-slider=\"81051\" data-id=\"880af9a\" data-element_type=\"section\" data-e-type=\"section\">\n\t\t\t\t\t\t<div class=\"elementor-container elementor-column-gap-default\">\n\t\t\t\t\t<div class=\"has_eae_slider elementor-column elementor-col-100 elementor-top-column elementor-element elementor-element-8e655cd\" data-eae-slider=\"20808\" data-id=\"8e655cd\" data-element_type=\"column\" data-e-type=\"column\">\n\t\t\t<div class=\"elementor-widget-wrap elementor-element-populated\">\n\t\t\t\t\t\t<div class=\"elementor-element elementor-element-c2e6663 elementor-align-center elementor-widget elementor-widget-button\" data-id=\"c2e6663\" data-element_type=\"widget\" data-e-type=\"widget\" data-widget_type=\"button.default\">\n\t\t\t\t<div class=\"elementor-widget-container\">\n\t\t\t\t\t\t\t\t\t<div class=\"elementor-button-wrapper\">\n\t\t\t\t\t<a class=\"elementor-button elementor-button-link elementor-size-xl\" href=\"https:\/\/hobro-stovring-bilvask-webwash.logos.dk\/register\" target=\"_blank\">\n\t\t\t\t\t\t<span class=\"elementor-button-content-wrapper\">\n\t\t\t\t\t\t\t\t\t<span class=\"elementor-button-text\">BLIV MEDLEM AF VORES VASKEKLUB HER!<\/span>\n\t\t\t\t\t<\/span>\n\t\t\t\t\t<\/a>\n\t\t\t\t<\/div>\n\t\t\t\t\t\t\t\t<\/div>\n\t\t\t\t<\/div>\n\t\t\t\t\t<\/div>\n\t\t<\/div>\n\t\t\t\t\t<\/div>\n\t\t<\/section>\n\t\t\t\t<section class=\"has_eae_slider elementor-section elementor-top-section elementor-element elementor-element-c3745d4 elementor-section-boxed elementor-section-height-default elementor-section-height-default\" data-eae-slider=\"62716\" data-id=\"c3745d4\" data-element_type=\"section\" data-e-type=\"section\">\n\t\t\t\t\t\t<div class=\"elementor-container elementor-column-gap-default\">\n\t\t\t\t\t<div class=\"has_eae_slider elementor-column elementor-col-100 elementor-top-column elementor-element elementor-element-bbecbc8\" data-eae-slider=\"65992\" data-id=\"bbecbc8\" data-element_type=\"column\" data-e-type=\"column\">\n\t\t\t<div class=\"elementor-widget-wrap elementor-element-populated\">\n\t\t\t\t\t\t<div class=\"elementor-element elementor-element-50330b8 elementor-align-center elementor-widget elementor-widget-button\" data-id=\"50330b8\" data-element_type=\"widget\" data-e-type=\"widget\" data-widget_type=\"button.default\">\n\t\t\t\t<div class=\"elementor-widget-container\">\n\t\t\t\t\t\t\t\t\t<div class=\"elementor-button-wrapper\">\n\t\t\t\t\t<a class=\"elementor-button elementor-button-link elementor-size-xl\" href=\"https:\/\/hobro-stovring-bilvask-webwash.logos.dk\/\" target=\"_blank\">\n\t\t\t\t\t\t<span class=\"elementor-button-content-wrapper\">\n\t\t\t\t\t\t\t\t\t<span class=\"elementor-button-text\">ALLEREDE MEDLEM? LOGIN HER!<\/span>\n\t\t\t\t\t<\/span>\n\t\t\t\t\t<\/a>\n\t\t\t\t<\/div>\n\t\t\t\t\t\t\t\t<\/div>\n\t\t\t\t<\/div>\n\t\t\t\t\t<\/div>\n\t\t<\/div>\n\t\t\t\t\t<\/div>\n\t\t<\/section>\n\t\t\t\t<section class=\"has_eae_slider elementor-section elementor-top-section elementor-element elementor-element-f2ee913 elementor-section-boxed elementor-section-height-default elementor-section-height-default\" data-eae-slider=\"25054\" data-id=\"f2ee913\" data-element_type=\"section\" data-e-type=\"section\">\n\t\t\t\t\t\t<div class=\"elementor-container elementor-column-gap-default\">\n\t\t\t\t\t<div class=\"has_eae_slider elementor-column elementor-col-100 elementor-top-column elementor-element elementor-element-0d1305a\" data-eae-slider=\"27722\" data-id=\"0d1305a\" data-element_type=\"column\" data-e-type=\"column\">\n\t\t\t<div class=\"elementor-widget-wrap elementor-element-populated\">\n\t\t\t\t\t\t<div class=\"elementor-element elementor-element-ebc29d8 elementor-align-center elementor-widget elementor-widget-button\" data-id=\"ebc29d8\" data-element_type=\"widget\" data-e-type=\"widget\" data-widget_type=\"button.default\">\n\t\t\t\t<div class=\"elementor-widget-container\">\n\t\t\t\t\t\t\t\t\t<div class=\"elementor-button-wrapper\">\n\t\t\t\t\t<a class=\"elementor-button elementor-button-link elementor-size-lg\" href=\"https:\/\/www.hobro-stovring-bilvask.dk\/index.php\/rutevejledning-2\/\">\n\t\t\t\t\t\t<span class=\"elementor-button-content-wrapper\">\n\t\t\t\t\t\t\t\t\t<span class=\"elementor-button-text\">FIND VEJ<\/span>\n\t\t\t\t\t<\/span>\n\t\t\t\t\t<\/a>\n\t\t\t\t<\/div>\n\t\t\t\t\t\t\t\t<\/div>\n\t\t\t\t<\/div>\n\t\t\t\t\t<\/div>\n\t\t<\/div>\n\t\t\t\t\t<\/div>\n\t\t<\/section>\n\t\t\t\t<\/div>\n\t\t","protected":false},"excerpt":{"rendered":"<p>RABATTER Vaskeklub med rabat Sp\u00f8rgsm\u00e5l som du m\u00e5tte have til vores vaskeklub, kan du finde mange af svarene p\u00e5 her!Ved sp\u00f8rgsm\u00e5l er du velkommen til at ringe p\u00e5 21210506 BLIV MEDLEM AF VORES VASKEKLUB HER! ALLEREDE MEDLEM? LOGIN HER! FIND VEJ<\/p>\n","protected":false},"author":1,"featured_media":0,"parent":0,"menu_order":0,"comment_status":"closed","ping_status":"closed","template":"elementor_header_footer","meta":{"_uag_custom_page_level_css":"","_themeisle_gutenberg_block_has_review":false,"footnotes":""},"class_list":["post-2078","page","type-page","status-publish","hentry"],"yoast_head":"<!-- This site is optimized with the Yoast SEO plugin v27.5 - https:\/\/yoast.com\/product\/yoast-seo-wordpress\/ -->\n<title>VASKEKLUB - Bilvask St\u00f8vring - Bilvask Hobro<\/title>\n<meta name=\"description\" content=\"Vaskeklub hos Bilvask St\u00f8vring - Bilvask Hobro. I vores vaskeklub er der fordelagtige priser p\u00e5 bilvask, n\u00e5r du har tid.\" \/>\n<meta name=\"robots\" content=\"index, follow, max-snippet:-1, max-image-preview:large, max-video-preview:-1\" \/>\n<link rel=\"canonical\" href=\"https:\/\/www.hobro-stovring-bilvask.dk\/index.php\/vaskeklub-2\/\" \/>\n<meta property=\"og:locale\" content=\"da_DK\" \/>\n<meta property=\"og:type\" content=\"article\" \/>\n<meta property=\"og:title\" content=\"VASKEKLUB - Bilvask St\u00f8vring - Bilvask Hobro\" \/>\n<meta property=\"og:description\" content=\"Vaskeklub hos Bilvask St\u00f8vring - Bilvask Hobro. I vores vaskeklub er der fordelagtige priser p\u00e5 bilvask, n\u00e5r du har tid.\" \/>\n<meta property=\"og:url\" content=\"https:\/\/www.hobro-stovring-bilvask.dk\/index.php\/vaskeklub-2\/\" \/>\n<meta property=\"og:site_name\" content=\"Bilvask Hobro - Bilvask St&oslash;vring\" \/>\n<meta property=\"article:modified_time\" content=\"2024-06-12T07:50:49+00:00\" \/>\n<meta property=\"og:image\" content=\"https:\/\/www.hobro-stovring-bilvask.dk\/wp-content\/uploads\/2023\/03\/vaskeklub.png\" \/>\n<meta name=\"twitter:card\" content=\"summary_large_image\" \/>\n<meta name=\"twitter:label1\" content=\"Estimeret l\u00e6setid\" \/>\n\t<meta name=\"twitter:data1\" content=\"1 minut\" \/>\n<script type=\"application\/ld+json\" class=\"yoast-schema-graph\">{\"@context\":\"https:\\\/\\\/schema.org\",\"@graph\":[{\"@type\":\"WebPage\",\"@id\":\"https:\\\/\\\/www.hobro-stovring-bilvask.dk\\\/index.php\\\/vaskeklub-2\\\/\",\"url\":\"https:\\\/\\\/www.hobro-stovring-bilvask.dk\\\/index.php\\\/vaskeklub-2\\\/\",\"name\":\"VASKEKLUB - Bilvask St\u00f8vring - Bilvask Hobro\",\"isPartOf\":{\"@id\":\"https:\\\/\\\/www.hobro-stovring-bilvask.dk\\\/#website\"},\"primaryImageOfPage\":{\"@id\":\"https:\\\/\\\/www.hobro-stovring-bilvask.dk\\\/index.php\\\/vaskeklub-2\\\/#primaryimage\"},\"image\":{\"@id\":\"https:\\\/\\\/www.hobro-stovring-bilvask.dk\\\/index.php\\\/vaskeklub-2\\\/#primaryimage\"},\"thumbnailUrl\":\"https:\\\/\\\/www.hobro-stovring-bilvask.dk\\\/wp-content\\\/uploads\\\/2023\\\/03\\\/vaskeklub.png\",\"datePublished\":\"2022-11-14T18:31:56+00:00\",\"dateModified\":\"2024-06-12T07:50:49+00:00\",\"description\":\"Vaskeklub hos Bilvask St\u00f8vring - Bilvask Hobro. I vores vaskeklub er der fordelagtige priser p\u00e5 bilvask, n\u00e5r du har tid.\",\"breadcrumb\":{\"@id\":\"https:\\\/\\\/www.hobro-stovring-bilvask.dk\\\/index.php\\\/vaskeklub-2\\\/#breadcrumb\"},\"inLanguage\":\"da-DK\",\"potentialAction\":[{\"@type\":\"ReadAction\",\"target\":[\"https:\\\/\\\/www.hobro-stovring-bilvask.dk\\\/index.php\\\/vaskeklub-2\\\/\"]}]},{\"@type\":\"ImageObject\",\"inLanguage\":\"da-DK\",\"@id\":\"https:\\\/\\\/www.hobro-stovring-bilvask.dk\\\/index.php\\\/vaskeklub-2\\\/#primaryimage\",\"url\":\"https:\\\/\\\/www.hobro-stovring-bilvask.dk\\\/wp-content\\\/uploads\\\/2023\\\/03\\\/vaskeklub.png\",\"contentUrl\":\"https:\\\/\\\/www.hobro-stovring-bilvask.dk\\\/wp-content\\\/uploads\\\/2023\\\/03\\\/vaskeklub.png\",\"width\":823,\"height\":202,\"caption\":\"Vaskeklub\"},{\"@type\":\"BreadcrumbList\",\"@id\":\"https:\\\/\\\/www.hobro-stovring-bilvask.dk\\\/index.php\\\/vaskeklub-2\\\/#breadcrumb\",\"itemListElement\":[{\"@type\":\"ListItem\",\"position\":1,\"name\":\"Hjem\",\"item\":\"https:\\\/\\\/www.hobro-stovring-bilvask.dk\\\/\"},{\"@type\":\"ListItem\",\"position\":2,\"name\":\"VASKEKLUB\"}]},{\"@type\":\"WebSite\",\"@id\":\"https:\\\/\\\/www.hobro-stovring-bilvask.dk\\\/#website\",\"url\":\"https:\\\/\\\/www.hobro-stovring-bilvask.dk\\\/\",\"name\":\"Bilvask St\u00f8vring - Bilvask Hobro\",\"description\":\"\",\"publisher\":{\"@id\":\"https:\\\/\\\/www.hobro-stovring-bilvask.dk\\\/#organization\"},\"potentialAction\":[{\"@type\":\"SearchAction\",\"target\":{\"@type\":\"EntryPoint\",\"urlTemplate\":\"https:\\\/\\\/www.hobro-stovring-bilvask.dk\\\/?s={search_term_string}\"},\"query-input\":{\"@type\":\"PropertyValueSpecification\",\"valueRequired\":true,\"valueName\":\"search_term_string\"}}],\"inLanguage\":\"da-DK\"},{\"@type\":\"Organization\",\"@id\":\"https:\\\/\\\/www.hobro-stovring-bilvask.dk\\\/#organization\",\"name\":\"Bilvask St\u00f8vring - Bilvask Hobro\",\"url\":\"https:\\\/\\\/www.hobro-stovring-bilvask.dk\\\/\",\"logo\":{\"@type\":\"ImageObject\",\"inLanguage\":\"da-DK\",\"@id\":\"https:\\\/\\\/www.hobro-stovring-bilvask.dk\\\/#\\\/schema\\\/logo\\\/image\\\/\",\"url\":\"https:\\\/\\\/www.hobro-stovring-bilvask.dk\\\/wp-content\\\/uploads\\\/2022\\\/11\\\/Bilvask.png\",\"contentUrl\":\"https:\\\/\\\/www.hobro-stovring-bilvask.dk\\\/wp-content\\\/uploads\\\/2022\\\/11\\\/Bilvask.png\",\"width\":200,\"height\":200,\"caption\":\"Bilvask St\u00f8vring - Bilvask Hobro\"},\"image\":{\"@id\":\"https:\\\/\\\/www.hobro-stovring-bilvask.dk\\\/#\\\/schema\\\/logo\\\/image\\\/\"}}]}<\/script>\n<!-- \/ Yoast SEO plugin. -->","yoast_head_json":{"title":"VASKEKLUB - Bilvask St\u00f8vring - Bilvask Hobro","description":"Vaskeklub hos Bilvask St\u00f8vring - Bilvask Hobro. I vores vaskeklub er der fordelagtige priser p\u00e5 bilvask, n\u00e5r du har tid.","robots":{"index":"index","follow":"follow","max-snippet":"max-snippet:-1","max-image-preview":"max-image-preview:large","max-video-preview":"max-video-preview:-1"},"canonical":"https:\/\/www.hobro-stovring-bilvask.dk\/index.php\/vaskeklub-2\/","og_locale":"da_DK","og_type":"article","og_title":"VASKEKLUB - Bilvask St\u00f8vring - Bilvask Hobro","og_description":"Vaskeklub hos Bilvask St\u00f8vring - Bilvask Hobro. I vores vaskeklub er der fordelagtige priser p\u00e5 bilvask, n\u00e5r du har tid.","og_url":"https:\/\/www.hobro-stovring-bilvask.dk\/index.php\/vaskeklub-2\/","og_site_name":"Bilvask Hobro - Bilvask St&oslash;vring","article_modified_time":"2024-06-12T07:50:49+00:00","og_image":[{"url":"https:\/\/www.hobro-stovring-bilvask.dk\/wp-content\/uploads\/2023\/03\/vaskeklub.png","type":"","width":"","height":""}],"twitter_card":"summary_large_image","twitter_misc":{"Estimeret l\u00e6setid":"1 minut"},"schema":{"@context":"https:\/\/schema.org","@graph":[{"@type":"WebPage","@id":"https:\/\/www.hobro-stovring-bilvask.dk\/index.php\/vaskeklub-2\/","url":"https:\/\/www.hobro-stovring-bilvask.dk\/index.php\/vaskeklub-2\/","name":"VASKEKLUB - Bilvask St\u00f8vring - Bilvask Hobro","isPartOf":{"@id":"https:\/\/www.hobro-stovring-bilvask.dk\/#website"},"primaryImageOfPage":{"@id":"https:\/\/www.hobro-stovring-bilvask.dk\/index.php\/vaskeklub-2\/#primaryimage"},"image":{"@id":"https:\/\/www.hobro-stovring-bilvask.dk\/index.php\/vaskeklub-2\/#primaryimage"},"thumbnailUrl":"https:\/\/www.hobro-stovring-bilvask.dk\/wp-content\/uploads\/2023\/03\/vaskeklub.png","datePublished":"2022-11-14T18:31:56+00:00","dateModified":"2024-06-12T07:50:49+00:00","description":"Vaskeklub hos Bilvask St\u00f8vring - Bilvask Hobro. I vores vaskeklub er der fordelagtige priser p\u00e5 bilvask, n\u00e5r du har tid.","breadcrumb":{"@id":"https:\/\/www.hobro-stovring-bilvask.dk\/index.php\/vaskeklub-2\/#breadcrumb"},"inLanguage":"da-DK","potentialAction":[{"@type":"ReadAction","target":["https:\/\/www.hobro-stovring-bilvask.dk\/index.php\/vaskeklub-2\/"]}]},{"@type":"ImageObject","inLanguage":"da-DK","@id":"https:\/\/www.hobro-stovring-bilvask.dk\/index.php\/vaskeklub-2\/#primaryimage","url":"https:\/\/www.hobro-stovring-bilvask.dk\/wp-content\/uploads\/2023\/03\/vaskeklub.png","contentUrl":"https:\/\/www.hobro-stovring-bilvask.dk\/wp-content\/uploads\/2023\/03\/vaskeklub.png","width":823,"height":202,"caption":"Vaskeklub"},{"@type":"BreadcrumbList","@id":"https:\/\/www.hobro-stovring-bilvask.dk\/index.php\/vaskeklub-2\/#breadcrumb","itemListElement":[{"@type":"ListItem","position":1,"name":"Hjem","item":"https:\/\/www.hobro-stovring-bilvask.dk\/"},{"@type":"ListItem","position":2,"name":"VASKEKLUB"}]},{"@type":"WebSite","@id":"https:\/\/www.hobro-stovring-bilvask.dk\/#website","url":"https:\/\/www.hobro-stovring-bilvask.dk\/","name":"Bilvask St\u00f8vring - Bilvask Hobro","description":"","publisher":{"@id":"https:\/\/www.hobro-stovring-bilvask.dk\/#organization"},"potentialAction":[{"@type":"SearchAction","target":{"@type":"EntryPoint","urlTemplate":"https:\/\/www.hobro-stovring-bilvask.dk\/?s={search_term_string}"},"query-input":{"@type":"PropertyValueSpecification","valueRequired":true,"valueName":"search_term_string"}}],"inLanguage":"da-DK"},{"@type":"Organization","@id":"https:\/\/www.hobro-stovring-bilvask.dk\/#organization","name":"Bilvask St\u00f8vring - Bilvask Hobro","url":"https:\/\/www.hobro-stovring-bilvask.dk\/","logo":{"@type":"ImageObject","inLanguage":"da-DK","@id":"https:\/\/www.hobro-stovring-bilvask.dk\/#\/schema\/logo\/image\/","url":"https:\/\/www.hobro-stovring-bilvask.dk\/wp-content\/uploads\/2022\/11\/Bilvask.png","contentUrl":"https:\/\/www.hobro-stovring-bilvask.dk\/wp-content\/uploads\/2022\/11\/Bilvask.png","width":200,"height":200,"caption":"Bilvask St\u00f8vring - Bilvask Hobro"},"image":{"@id":"https:\/\/www.hobro-stovring-bilvask.dk\/#\/schema\/logo\/image\/"}}]}},"uagb_featured_image_src":{"full":false,"thumbnail":false,"medium":false,"medium_large":false,"large":false,"1536x1536":false,"2048x2048":false,"shuttle-column1-1\/3":false,"shuttle-column1-1\/4":false,"shuttle-column2-1\/2":false,"shuttle-column2-2\/3":false,"shuttle-column3-1\/3":false,"shuttle-column3-2\/3":false,"shuttle-column4-2\/3":false},"uagb_author_info":{"display_name":"admin","author_link":"https:\/\/www.hobro-stovring-bilvask.dk\/index.php\/author\/admin\/"},"uagb_comment_info":0,"uagb_excerpt":"RABATTER Vaskeklub med rabat Sp\u00f8rgsm\u00e5l som du m\u00e5tte have til vores vaskeklub, kan du finde mange af svarene p\u00e5 her!Ved sp\u00f8rgsm\u00e5l er du velkommen til at ringe p\u00e5 21210506 BLIV MEDLEM AF VORES VASKEKLUB HER! ALLEREDE MEDLEM? LOGIN HER! FIND VEJ","_links":{"self":[{"href":"https:\/\/www.hobro-stovring-bilvask.dk\/index.php\/wp-json\/wp\/v2\/pages\/2078","targetHints":{"allow":["GET"]}}],"collection":[{"href":"https:\/\/www.hobro-stovring-bilvask.dk\/index.php\/wp-json\/wp\/v2\/pages"}],"about":[{"href":"https:\/\/www.hobro-stovring-bilvask.dk\/index.php\/wp-json\/wp\/v2\/types\/page"}],"author":[{"embeddable":true,"href":"https:\/\/www.hobro-stovring-bilvask.dk\/index.php\/wp-json\/wp\/v2\/users\/1"}],"replies":[{"embeddable":true,"href":"https:\/\/www.hobro-stovring-bilvask.dk\/index.php\/wp-json\/wp\/v2\/comments?post=2078"}],"version-history":[{"count":86,"href":"https:\/\/www.hobro-stovring-bilvask.dk\/index.php\/wp-json\/wp\/v2\/pages\/2078\/revisions"}],"predecessor-version":[{"id":2877,"href":"https:\/\/www.hobro-stovring-bilvask.dk\/index.php\/wp-json\/wp\/v2\/pages\/2078\/revisions\/2877"}],"wp:attachment":[{"href":"https:\/\/www.hobro-stovring-bilvask.dk\/index.php\/wp-json\/wp\/v2\/media?parent=2078"}],"curies":[{"name":"wp","href":"https:\/\/api.w.org\/{rel}","templated":true}]}}